{"id":164,"date":"2020-12-01T19:48:53","date_gmt":"2020-12-01T19:48:53","guid":{"rendered":"http:\/\/katsekato.eu\/?page_id=164"},"modified":"2020-12-02T12:19:42","modified_gmt":"2020-12-02T12:19:42","slug":"impressum","status":"publish","type":"page","link":"http:\/\/katsekato.eu\/?page_id=164","title":{"rendered":"Impressum"},"content":{"rendered":"<div data-colibri-id=\"164-c1\" class=\"style-215 style-local-164-c1 position-relative\">\n  <!---->\n  <div data-colibri-component=\"section\" data-colibri-id=\"164-c2\" id=\"initial-content\" class=\"h-section h-section-global-spacing d-flex align-items-lg-center align-items-md-center align-items-center style-216 style-local-164-c2 position-relative\">\n    <!---->\n    <!---->\n    <div class=\"h-section-grid-container h-section-boxed-container\">\n      <!---->\n      <div data-colibri-id=\"164-c3\" class=\"h-row-container gutters-row-lg-2 gutters-row-md-2 gutters-row-0 gutters-row-v-lg-2 gutters-row-v-md-2 gutters-row-v-2 style-217 style-local-164-c3 position-relative\">\n        <!---->\n        <div class=\"h-row justify-content-lg-center justify-content-md-center justify-content-center align-items-lg-stretch align-items-md-stretch align-items-stretch gutters-col-lg-2 gutters-col-md-2 gutters-col-0 gutters-col-v-lg-2 gutters-col-v-md-2 gutters-col-v-2\">\n          <!---->\n          <div class=\"h-column h-column-container d-flex h-col-lg-auto h-col-md-auto h-col-auto style-218-outer style-local-164-c4-outer\">\n            <div data-colibri-id=\"164-c4\" class=\"d-flex h-flex-basis h-column__inner h-px-lg-2 h-px-md-2 h-px-2 v-inner-lg-2 v-inner-md-2 v-inner-2 style-218 style-local-164-c4 position-relative\">\n              <!---->\n              <!---->\n              <div class=\"w-100 h-y-container h-column__content h-column__v-align flex-basis-100 align-self-lg-start align-self-md-start align-self-start\">\n                <!---->\n                <div data-colibri-id=\"164-c5\" class=\"style-219 style-local-164-c5 position-relative h-element\">\n                  <!---->\n                  <div>\n                    \n                    <h3 class=\"wp-block-heading\">Impressum<\/h3>\n                    \n\n                    \n                    <p>Angaben gem\u00e4\u00df \u00a7 5 TMG<\/p>\n                    \n\n                    \n                    <p><\/p>\n                    \n\n                    \n                    <p>Athanasia Moumoulidis<\/p>\n                    \n\n                    \n                    <p>Gottmannsdorfer Stra\u00dfe 7<\/p>\n                    \n\n                    \n                    <p>90574 Ro\u00dftal<\/p>\n                    \n\n                    \n                    <p><\/p>\n                    \n\n                    \n                    <h3 class=\"wp-block-heading\">Kontakt<\/h3>\n                    \n\n                    \n                    <p>Tel: 09127 9024499<\/p>\n                    \n\n                    \n                    <p>Mobil: 0170 9881293<\/p>\n                    \n\n                    \n                    <p>e-mail: info@katsekato.de<\/p>\n                    \n\n                    \n                    <p><\/p>\n                    \n\n                    \n                    <h3 class=\"wp-block-heading\">Angaben zu Berufshaftpflichtversicherung<\/h3>\n                    \n\n                    \n                    <p>Name und Sitz des Versicherers:<\/p>\n                    \n\n                    \n                    <p>Die Bayrische<\/p>\n                    \n\n                    \n                    <p>Thomas-Dehler-Stra\u00dfe 25<\/p>\n                    \n\n                    \n                    <p>81737 M\u00fcnchen<\/p>\n                    \n\n                    \n                    <p>Geltungsraum der Versicherung: <strong>Deutschland <\/strong><\/p>\n                    \n\n                    \n                    <p><\/p>\n                    \n\n                    \n                    <h3 class=\"wp-block-heading\">Streitschlichtung<\/h3>\n                    \n\n                    \n                    <p>Die Europ\u00e4ische Kommission stellt eine Plattform zur Online-Streitbeilegung (OS) bereit:<\/p>\n                    \n\n                    \n                    <p>https:\/\/ec.europa.eu\/consumers\/odr.<\/p>\n                    \n\n                    \n                    <p>Unsere e-mail-Adresse finden Sie oben im Impressum<\/p>\n                    \n\n                    \n                    <p>Wir sind nicht bereit oder verpflichtet, an Streitbeilegungsverfahren vor einer Verbraucherschlichtungsstelle teilzunehmen.<\/p>\n                    \n\n                    \n                    <p><\/p>\n                    \n                  <\/div>\n                <\/div>\n              <\/div>\n            <\/div>\n          <\/div>\n        <\/div>\n      <\/div>\n    <\/div>\n  <\/div>\n<\/div>","protected":false},"excerpt":{"rendered":"<p>Impressum Angaben gem\u00e4\u00df \u00a7 5 TMG Athanasia Moumoulidis Gottmannsdorfer Stra\u00dfe 7 90574 Ro\u00dftal Kontakt Tel: 09127 9024499 Mobil: 0170 9881293 e-mail: info@katsekato.de Angaben zu Berufshaftpflichtversicherung Name und Sitz des Versicherers: Die Bayrische Thomas-Dehler-Stra\u00dfe 25 81737 M\u00fcnchen Geltungsraum der Versicherung: Deutschland Streitschlichtung Die Europ\u00e4ische Kommission stellt eine Plattform zur Online-Streitbeilegung (OS) bereit: https:\/\/ec.europa.eu\/consumers\/odr. Unsere e-mail-Adresse finden [&hellip;]<\/p>\n","protected":false},"author":1,"featured_media":0,"parent":0,"menu_order":0,"comment_status":"closed","ping_status":"closed","template":"page-templates\/full-width-page.php","meta":{"footnotes":""},"class_list":["post-164","page","type-page","status-publish","hentry"],"jetpack_sharing_enabled":true,"_links":{"self":[{"href":"http:\/\/katsekato.eu\/index.php?rest_route=\/wp\/v2\/pages\/164","targetHints":{"allow":["GET"]}}],"collection":[{"href":"http:\/\/katsekato.eu\/index.php?rest_route=\/wp\/v2\/pages"}],"about":[{"href":"http:\/\/katsekato.eu\/index.php?rest_route=\/wp\/v2\/types\/page"}],"author":[{"embeddable":true,"href":"http:\/\/katsekato.eu\/index.php?rest_route=\/wp\/v2\/users\/1"}],"replies":[{"embeddable":true,"href":"http:\/\/katsekato.eu\/index.php?rest_route=%2Fwp%2Fv2%2Fcomments&post=164"}],"version-history":[{"count":4,"href":"http:\/\/katsekato.eu\/index.php?rest_route=\/wp\/v2\/pages\/164\/revisions"}],"predecessor-version":[{"id":220,"href":"http:\/\/katsekato.eu\/index.php?rest_route=\/wp\/v2\/pages\/164\/revisions\/220"}],"wp:attachment":[{"href":"http:\/\/katsekato.eu\/index.php?rest_route=%2Fwp%2Fv2%2Fmedia&parent=164"}],"curies":[{"name":"wp","href":"https:\/\/api.w.org\/{rel}","templated":true}]}}